{"id":2,"date":"2025-12-18T08:42:18","date_gmt":"2025-12-18T08:42:18","guid":{"rendered":"http:\/\/lwuufuh.cluster121.hosting.ovh.net\/?page_id=2"},"modified":"2026-02-05T14:58:07","modified_gmt":"2026-02-05T14:58:07","slug":"sample-page","status":"publish","type":"page","link":"https:\/\/tourrettes-alarme.fr\/index.php\/sample-page\/","title":{"rendered":"Tourrettes Alarme Video R\u00e9seaux"},"content":{"rendered":"\n<p class=\"is-style-default has-accent-3-color has-text-color has-link-color wp-elements-ed2afce1a0e8c84703f4e90b20203aba\">Le site est en (re) construction.<\/p>\n\n\n\n<p class=\"is-style-default has-accent-3-color has-text-color has-link-color wp-elements-34ef3b2df4bb1dfe1ae5c750b3f8b45f\">N&rsquo;h\u00e9sitez pas \u00e0 me joindre<\/p>\n\n\n\n<p class=\"has-accent-3-color has-text-color has-link-color wp-elements-25626b91abb01ed035c1fda00b8681b3\">T\u00e9l\u00e9phone: +33 (0) 7 67 32 05 21<\/p>\n\n\n\n<p class=\"has-accent-3-color has-text-color has-link-color wp-elements-bb6ed4811e2a86963d83ebd88432f73a\">Mail: tourrettes.alarme@gmail.com<\/p>\n\n\n\n<p><\/p>\n","protected":false},"excerpt":{"rendered":"<p>Le site est en (re) construction. N&rsquo;h\u00e9sitez pas \u00e0 me joindre T\u00e9l\u00e9phone: +33 (0) 7 67 32 05 21 Mail: [&hellip;]<\/p>\n","protected":false},"author":1,"featured_media":0,"parent":0,"menu_order":0,"comment_status":"closed","ping_status":"open","template":"","meta":{"_uag_custom_page_level_css":"","site-sidebar-layout":"default","site-content-layout":"","ast-site-content-layout":"default","site-content-style":"default","site-sidebar-style":"default","ast-global-header-display":"","ast-banner-title-visibility":"","ast-main-header-display":"","ast-hfb-above-header-display":"","ast-hfb-below-header-display":"","ast-hfb-mobile-header-display":"","site-post-title":"","ast-breadcrumbs-content":"","ast-featured-img":"","footer-sml-layout":"","ast-disable-related-posts":"","theme-transparent-header-meta":"","adv-header-id-meta":"","stick-header-meta":"","header-above-stick-meta":"","header-main-stick-meta":"","header-below-stick-meta":"","astra-migrate-meta-layouts":"default","ast-page-background-enabled":"default","ast-page-background-meta":{"desktop":{"background-color":"var(--ast-global-color-5)","background-image":"","background-repeat":"repeat","background-position":"center center","background-size":"auto","background-attachment":"scroll","background-type":"","background-media":"","overlay-type":"","overlay-color":"","overlay-opacity":"","overlay-gradient":""},"tablet":{"background-color":"","background-image":"","background-repeat":"repeat","background-position":"center center","background-size":"auto","background-attachment":"scroll","background-type":"","background-media":"","overlay-type":"","overlay-color":"","overlay-opacity":"","overlay-gradient":""},"mobile":{"background-color":"","background-image":"","background-repeat":"repeat","background-position":"center center","background-size":"auto","background-attachment":"scroll","background-type":"","background-media":"","overlay-type":"","overlay-color":"","overlay-opacity":"","overlay-gradient":""}},"ast-content-background-meta":{"desktop":{"background-color":"var(--ast-global-color-4)","background-image":"","background-repeat":"repeat","background-position":"center center","background-size":"auto","background-attachment":"scroll","background-type":"","background-media":"","overlay-type":"","overlay-color":"","overlay-opacity":"","overlay-gradient":""},"tablet":{"background-color":"var(--ast-global-color-4)","background-image":"","background-repeat":"repeat","background-position":"center center","background-size":"auto","background-attachment":"scroll","background-type":"","background-media":"","overlay-type":"","overlay-color":"","overlay-opacity":"","overlay-gradient":""},"mobile":{"background-color":"var(--ast-global-color-4)","background-image":"","background-repeat":"repeat","background-position":"center center","background-size":"auto","background-attachment":"scroll","background-type":"","background-media":"","overlay-type":"","overlay-color":"","overlay-opacity":"","overlay-gradient":""}},"footnotes":""},"class_list":["post-2","page","type-page","status-publish","hentry"],"uagb_featured_image_src":{"full":false,"thumbnail":false,"medium":false,"medium_large":false,"large":false,"1536x1536":false,"2048x2048":false},"uagb_author_info":{"display_name":"admin5361","author_link":"https:\/\/tourrettes-alarme.fr\/index.php\/author\/admin5361\/"},"uagb_comment_info":0,"uagb_excerpt":"Le site est en (re) construction. N&rsquo;h\u00e9sitez pas \u00e0 me joindre T\u00e9l\u00e9phone: +33 (0) 7 67 32 05 21 Mail: [&hellip;]","_links":{"self":[{"href":"https:\/\/tourrettes-alarme.fr\/index.php\/wp-json\/wp\/v2\/pages\/2","targetHints":{"allow":["GET"]}}],"collection":[{"href":"https:\/\/tourrettes-alarme.fr\/index.php\/wp-json\/wp\/v2\/pages"}],"about":[{"href":"https:\/\/tourrettes-alarme.fr\/index.php\/wp-json\/wp\/v2\/types\/page"}],"author":[{"embeddable":true,"href":"https:\/\/tourrettes-alarme.fr\/index.php\/wp-json\/wp\/v2\/users\/1"}],"replies":[{"embeddable":true,"href":"https:\/\/tourrettes-alarme.fr\/index.php\/wp-json\/wp\/v2\/comments?post=2"}],"version-history":[{"count":6,"href":"https:\/\/tourrettes-alarme.fr\/index.php\/wp-json\/wp\/v2\/pages\/2\/revisions"}],"predecessor-version":[{"id":92,"href":"https:\/\/tourrettes-alarme.fr\/index.php\/wp-json\/wp\/v2\/pages\/2\/revisions\/92"}],"wp:attachment":[{"href":"https:\/\/tourrettes-alarme.fr\/index.php\/wp-json\/wp\/v2\/media?parent=2"}],"curies":[{"name":"wp","href":"https:\/\/api.w.org\/{rel}","templated":true}]}}