{"id":77,"date":"2026-02-05T14:08:17","date_gmt":"2026-02-05T14:08:17","guid":{"rendered":"http:\/\/lwuufuh.cluster121.hosting.ovh.net\/?page_id=77"},"modified":"2026-02-10T20:12:41","modified_gmt":"2026-02-10T20:12:41","slug":"1-1-les-alarmes","status":"publish","type":"page","link":"https:\/\/tourrettes-alarme.fr\/index.php\/1-1-les-alarmes\/","title":{"rendered":"1.1 Les alarmes"},"content":{"rendered":"\n<p><strong>Dans notre d\u00e9partement, on recense plus de 3200 cambriolages par an, soit 9 par jour!&nbsp;<\/strong><\/p>\n\n\n\n<p><strong>L&rsquo;alarme&nbsp; contribue \u00e0 deux t\u00e2ches:<\/strong><\/p>\n\n\n\n<p><strong>1) la dissuasion du voleur,<\/strong><\/p>\n\n\n\n<p><strong>2) l&rsquo;alerte.<\/strong><\/p>\n\n\n\n<p><strong>Les syst\u00e8mes de dissuasion r\u00e9duisent jusqu&rsquo;\u00e0 80% les cambriolages (source INSEE).<\/strong><\/p>\n\n\n\n<p><strong>Nous vous proposons:<\/strong><\/p>\n\n\n\n<p><strong>*Un syst\u00e8me d&rsquo;alarme \u00ab\u00a0sur mesure\u00a0\u00bb de grande marque<\/strong> <strong>DAITEM<\/strong> <a href=\"https:\/\/tourrettes-alarme.fr\/index.php\/1-2-daitem\/\" data-type=\"page\" data-id=\"82\">(En savoir plus)<\/a><\/p>\n\n\n\n<p><strong>-Sans fil pour une pose discr\u00e8te, mais s\u00e9curis\u00e9e<\/strong><\/p>\n\n\n\n<p><strong>-p\u00e9riph\u00e9riques int\u00e9rieurs et ext\u00e9rieurs<\/strong><\/p>\n\n\n\n<p>-p\u00e9riph\u00e9riques d&rsquo;alarmes techniques<\/p>\n\n\n\n<p><strong>-Commandes par clavier et\/ou t\u00e9l\u00e9commande<\/strong><\/p>\n\n\n\n<p><strong>-Interface de communication filaire et\/ou GSM<\/strong><\/p>\n\n\n\n<p><strong>-Etc&#8230;..<\/strong><\/p>\n","protected":false},"excerpt":{"rendered":"<p>Dans notre d\u00e9partement, on recense plus de 3200 cambriolages par an, soit 9 par jour!&nbsp; L&rsquo;alarme&nbsp; contribue \u00e0 deux t\u00e2ches: [&hellip;]<\/p>\n","protected":false},"author":1,"featured_media":0,"parent":0,"menu_order":0,"comment_status":"closed","ping_status":"closed","template":"","meta":{"_uag_custom_page_level_css":"","site-sidebar-layout":"default","site-content-layout":"","ast-site-content-layout":"default","site-content-style":"default","site-sidebar-style":"default","ast-global-header-display":"","ast-banner-title-visibility":"","ast-main-header-display":"","ast-hfb-above-header-display":"","ast-hfb-below-header-display":"","ast-hfb-mobile-header-display":"","site-post-title":"","ast-breadcrumbs-content":"","ast-featured-img":"","footer-sml-layout":"","ast-disable-related-posts":"","theme-transparent-header-meta":"","adv-header-id-meta":"","stick-header-meta":"","header-above-stick-meta":"","header-main-stick-meta":"","header-below-stick-meta":"","astra-migrate-meta-layouts":"default","ast-page-background-enabled":"default","ast-page-background-meta":{"desktop":{"background-color":"var(--ast-global-color-5)","background-image":"","background-repeat":"repeat","background-position":"center center","background-size":"auto","background-attachment":"scroll","background-type":"","background-media":"","overlay-type":"","overlay-color":"","overlay-opacity":"","overlay-gradient":""},"tablet":{"background-color":"","background-image":"","background-repeat":"repeat","background-position":"center center","background-size":"auto","background-attachment":"scroll","background-type":"","background-media":"","overlay-type":"","overlay-color":"","overlay-opacity":"","overlay-gradient":""},"mobile":{"background-color":"","background-image":"","background-repeat":"repeat","background-position":"center center","background-size":"auto","background-attachment":"scroll","background-type":"","background-media":"","overlay-type":"","overlay-color":"","overlay-opacity":"","overlay-gradient":""}},"ast-content-background-meta":{"desktop":{"background-color":"var(--ast-global-color-4)","background-image":"","background-repeat":"repeat","background-position":"center center","background-size":"auto","background-attachment":"scroll","background-type":"","background-media":"","overlay-type":"","overlay-color":"","overlay-opacity":"","overlay-gradient":""},"tablet":{"background-color":"var(--ast-global-color-4)","background-image":"","background-repeat":"repeat","background-position":"center center","background-size":"auto","background-attachment":"scroll","background-type":"","background-media":"","overlay-type":"","overlay-color":"","overlay-opacity":"","overlay-gradient":""},"mobile":{"background-color":"var(--ast-global-color-4)","background-image":"","background-repeat":"repeat","background-position":"center center","background-size":"auto","background-attachment":"scroll","background-type":"","background-media":"","overlay-type":"","overlay-color":"","overlay-opacity":"","overlay-gradient":""}},"footnotes":""},"class_list":["post-77","page","type-page","status-publish","hentry"],"uagb_featured_image_src":{"full":false,"thumbnail":false,"medium":false,"medium_large":false,"large":false,"1536x1536":false,"2048x2048":false},"uagb_author_info":{"display_name":"admin5361","author_link":"https:\/\/tourrettes-alarme.fr\/index.php\/author\/admin5361\/"},"uagb_comment_info":0,"uagb_excerpt":"Dans notre d\u00e9partement, on recense plus de 3200 cambriolages par an, soit 9 par jour!&nbsp; L&rsquo;alarme&nbsp; contribue \u00e0 deux t\u00e2ches: [&hellip;]","_links":{"self":[{"href":"https:\/\/tourrettes-alarme.fr\/index.php\/wp-json\/wp\/v2\/pages\/77","targetHints":{"allow":["GET"]}}],"collection":[{"href":"https:\/\/tourrettes-alarme.fr\/index.php\/wp-json\/wp\/v2\/pages"}],"about":[{"href":"https:\/\/tourrettes-alarme.fr\/index.php\/wp-json\/wp\/v2\/types\/page"}],"author":[{"embeddable":true,"href":"https:\/\/tourrettes-alarme.fr\/index.php\/wp-json\/wp\/v2\/users\/1"}],"replies":[{"embeddable":true,"href":"https:\/\/tourrettes-alarme.fr\/index.php\/wp-json\/wp\/v2\/comments?post=77"}],"version-history":[{"count":5,"href":"https:\/\/tourrettes-alarme.fr\/index.php\/wp-json\/wp\/v2\/pages\/77\/revisions"}],"predecessor-version":[{"id":118,"href":"https:\/\/tourrettes-alarme.fr\/index.php\/wp-json\/wp\/v2\/pages\/77\/revisions\/118"}],"wp:attachment":[{"href":"https:\/\/tourrettes-alarme.fr\/index.php\/wp-json\/wp\/v2\/media?parent=77"}],"curies":[{"name":"wp","href":"https:\/\/api.w.org\/{rel}","templated":true}]}}