{"id":98,"date":"2026-02-05T15:34:39","date_gmt":"2026-02-05T15:34:39","guid":{"rendered":"http:\/\/lwuufuh.cluster121.hosting.ovh.net\/?page_id=98"},"modified":"2026-02-05T16:19:50","modified_gmt":"2026-02-05T16:19:50","slug":"2-1-la-video","status":"publish","type":"page","link":"https:\/\/tourrettes-alarme.fr\/index.php\/2-1-la-video\/","title":{"rendered":"2.1 La vid\u00e9o"},"content":{"rendered":"\n<p>La technologie a rendu tr\u00e8s accessible les syst\u00e8mes de vid\u00e9o surveillance. Les cam\u00e9ras sont dot\u00e9es de fonctions de reconnaissance permettant des alertes pertinentes et des lev\u00e9es de doute pr\u00e9cises.<\/p>\n\n\n\n<p>Nous vous proposons des syst\u00e8mes de cam\u00e9ras interconnect\u00e9es \u00e0 un syst\u00e8me d&rsquo;enregistrement num\u00e9rique accessible \u00e0 distance.<\/p>\n\n\n\n<p>Cam\u00e9ras fixes, \u00e0 focale variable ou motoris\u00e9es.<\/p>\n\n\n\n<p>Attention: nous n&rsquo;avons pas recours (sauf cas particulier) \u00e0 des syst\u00e8mes WIFI facilement piratables et r\u00e9duisant la bande passante pour vos appareils mobiles. <\/p>\n\n\n\n\n\n<div class=\"wp-block-uagb-image uagb-block-b537a9f9 wp-block-uagb-image--layout-default wp-block-uagb-image--effect-static wp-block-uagb-image--align-none\"><figure class=\"wp-block-uagb-image__figure\"><img decoding=\"async\" srcset=\"https:\/\/lwuufuh.cluster121.hosting.ovh.net\/wp-content\/uploads\/2026\/02\/Capture-decran-2026-02-05-a-17.14.59-1024x601.png ,https:\/\/lwuufuh.cluster121.hosting.ovh.net\/wp-content\/uploads\/2026\/02\/Capture-decran-2026-02-05-a-17.14.59.png 780w, https:\/\/lwuufuh.cluster121.hosting.ovh.net\/wp-content\/uploads\/2026\/02\/Capture-decran-2026-02-05-a-17.14.59.png 360w\" sizes=\"auto, (max-width: 480px) 150px\" src=\"https:\/\/lwuufuh.cluster121.hosting.ovh.net\/wp-content\/uploads\/2026\/02\/Capture-decran-2026-02-05-a-17.14.59-1024x601.png\" alt=\"\" class=\"uag-image-100\" width=\"438\" height=\"256\" title=\"Capture d\u2019\u00e9cran 2026-02-05 \u00e0 17.14.59\" loading=\"lazy\" role=\"img\"\/><\/figure><\/div>\n","protected":false},"excerpt":{"rendered":"<p>La technologie a rendu tr\u00e8s accessible les syst\u00e8mes de vid\u00e9o surveillance. Les cam\u00e9ras sont dot\u00e9es de fonctions de reconnaissance permettant [&hellip;]<\/p>\n","protected":false},"author":1,"featured_media":0,"parent":0,"menu_order":0,"comment_status":"closed","ping_status":"closed","template":"","meta":{"_uag_custom_page_level_css":"","site-sidebar-layout":"default","site-content-layout":"","ast-site-content-layout":"default","site-content-style":"default","site-sidebar-style":"default","ast-global-header-display":"","ast-banner-title-visibility":"","ast-main-header-display":"","ast-hfb-above-header-display":"","ast-hfb-below-header-display":"","ast-hfb-mobile-header-display":"","site-post-title":"","ast-breadcrumbs-content":"","ast-featured-img":"","footer-sml-layout":"","ast-disable-related-posts":"","theme-transparent-header-meta":"","adv-header-id-meta":"","stick-header-meta":"","header-above-stick-meta":"","header-main-stick-meta":"","header-below-stick-meta":"","astra-migrate-meta-layouts":"default","ast-page-background-enabled":"default","ast-page-background-meta":{"desktop":{"background-color":"var(--ast-global-color-5)","background-image":"","background-repeat":"repeat","background-position":"center center","background-size":"auto","background-attachment":"scroll","background-type":"","background-media":"","overlay-type":"","overlay-color":"","overlay-opacity":"","overlay-gradient":""},"tablet":{"background-color":"","background-image":"","background-repeat":"repeat","background-position":"center center","background-size":"auto","background-attachment":"scroll","background-type":"","background-media":"","overlay-type":"","overlay-color":"","overlay-opacity":"","overlay-gradient":""},"mobile":{"background-color":"","background-image":"","background-repeat":"repeat","background-position":"center center","background-size":"auto","background-attachment":"scroll","background-type":"","background-media":"","overlay-type":"","overlay-color":"","overlay-opacity":"","overlay-gradient":""}},"ast-content-background-meta":{"desktop":{"background-color":"var(--ast-global-color-4)","background-image":"","background-repeat":"repeat","background-position":"center center","background-size":"auto","background-attachment":"scroll","background-type":"","background-media":"","overlay-type":"","overlay-color":"","overlay-opacity":"","overlay-gradient":""},"tablet":{"background-color":"var(--ast-global-color-4)","background-image":"","background-repeat":"repeat","background-position":"center center","background-size":"auto","background-attachment":"scroll","background-type":"","background-media":"","overlay-type":"","overlay-color":"","overlay-opacity":"","overlay-gradient":""},"mobile":{"background-color":"var(--ast-global-color-4)","background-image":"","background-repeat":"repeat","background-position":"center center","background-size":"auto","background-attachment":"scroll","background-type":"","background-media":"","overlay-type":"","overlay-color":"","overlay-opacity":"","overlay-gradient":""}},"footnotes":""},"class_list":["post-98","page","type-page","status-publish","hentry"],"uagb_featured_image_src":{"full":false,"thumbnail":false,"medium":false,"medium_large":false,"large":false,"1536x1536":false,"2048x2048":false},"uagb_author_info":{"display_name":"admin5361","author_link":"https:\/\/tourrettes-alarme.fr\/index.php\/author\/admin5361\/"},"uagb_comment_info":0,"uagb_excerpt":"La technologie a rendu tr\u00e8s accessible les syst\u00e8mes de vid\u00e9o surveillance. Les cam\u00e9ras sont dot\u00e9es de fonctions de reconnaissance permettant [&hellip;]","_links":{"self":[{"href":"https:\/\/tourrettes-alarme.fr\/index.php\/wp-json\/wp\/v2\/pages\/98","targetHints":{"allow":["GET"]}}],"collection":[{"href":"https:\/\/tourrettes-alarme.fr\/index.php\/wp-json\/wp\/v2\/pages"}],"about":[{"href":"https:\/\/tourrettes-alarme.fr\/index.php\/wp-json\/wp\/v2\/types\/page"}],"author":[{"embeddable":true,"href":"https:\/\/tourrettes-alarme.fr\/index.php\/wp-json\/wp\/v2\/users\/1"}],"replies":[{"embeddable":true,"href":"https:\/\/tourrettes-alarme.fr\/index.php\/wp-json\/wp\/v2\/comments?post=98"}],"version-history":[{"count":4,"href":"https:\/\/tourrettes-alarme.fr\/index.php\/wp-json\/wp\/v2\/pages\/98\/revisions"}],"predecessor-version":[{"id":104,"href":"https:\/\/tourrettes-alarme.fr\/index.php\/wp-json\/wp\/v2\/pages\/98\/revisions\/104"}],"wp:attachment":[{"href":"https:\/\/tourrettes-alarme.fr\/index.php\/wp-json\/wp\/v2\/media?parent=98"}],"curies":[{"name":"wp","href":"https:\/\/api.w.org\/{rel}","templated":true}]}}